) be the first derivative of i**5/20 - i**4/12 - 8*i**3/3 + 20*i**2 + 21. Let s(r) be the second derivative of t(r). What is the tens digit of s(7)?
1
Suppose 0 = -4*v - 3*v - 7. Let l be (13 + -8)*v/(15/42). What is the hundreds digit of (l - 0)*-6*(-9)/(-6)?
1
Let h(b) be the second derivative of -5/6*b**3 + 19*b**2 + 2*b + 7/4*b**4 + 1/20*b**5 + 0. What is the units digit of h(-21)?
3
Suppose 0 = 2*h - 9265 - 2763. What is the units digit of h?
4
Suppose 3 = -9*v + 21. Suppose -v*j = -2*a - 421 - 77, -4*j - 3*a + 989 = 0. What is the units digit of j?
8
Let j(k) = 61*k**3 + 2*k**2 + 2*k - 1. Let l be (1/(6/(-12)))/((-2)/3). What is the units digit of j(l)?
0
Let w(l) = -l**3 - 6*l**2 - 5*l + 4. Let u be w(-5). Let j be 2/(u/6) - 3. Suppose j = -2*i + 196 - 48. What is the tens digit of i?
7
Suppose 8*w + 42*w = 912000. Suppose -13*i - 27*i + w = 0. What is the hundreds digit of i?
4
Suppose -13*x - 26*x = 0. Suppose y - 4*m = 979, -4*y + 3880 = -x*y + 2*m. What is the hundreds digit of y?
9
Let a(n) = 9*n + 21. Let u be (2 + 2)/((-6)/(-9)). Let p be ((-44)/u)/(20/(-3) - -6). What is the units digit of a(p)?
0
Suppose 14*o - 142464 = -155069 + 695063. What is the hundreds digit of o?
7
Suppose 4*u = 3*m - 20120 - 10271, 4*m - 2*u - 40528 = 0. What is the thousands digit of m?
0
Suppose -2*i - 4*f = -106, -4*f + 0*f = -4*i + 272. Suppose -4*d + c + 13 = -58, -4*c - i = -3*d. What is the units digit of d?
7
Suppose -29*f = -2*f. Suppose f = 10*u - 18*u + 752. What is the tens digit of u?
9
Let l(c) = 3*c - c - 3*c - c**2 - 2*c**3 + 104. Let r be (-4)/(-20) + 1/(-5). What is the units digit of l(r)?
4
Suppose -2*d = -3*t + 52534, 2*t - 42*d = -37*d + 35030. What is the units digit of t?
0
Let z = -220 + 215. What is the tens digit of (4*z/(-20) - 5) + 618?
1
Suppose 0 = -4*u - 6*u + 63090. What is the tens digit of u?
0
What is the units digit of 24*120/(-10)*(-105)/20?
2
Suppose 477 = -3*b - d, -100 + 737 = -4*b - d. Let y(n) = n**3 - 22*n**2 + 3*n + 90. Let v be y(21). Let k = b - v. What is the hundreds digit of k?
1
What is the hundreds digit of -1 + 14881 - (-24)/(-7 + (-9)/(-3))?
8
Let t = -7 + -4. Let s = 79 - t. Let c = -42 + s. What is the tens digit of c?
4
Suppose r = 2*b - 21234, -5*b - 3*r - 42468 = -9*b. What is the hundreds digit of b?
6
Let s(y) = 33*y + 671. Let z be s(0). Suppose -2*v - z = -2737. What is the tens digit of v?
3
Let d(j) = -2537*j - 1517. What is the units digit of d(-3)?
4
Let h = 905 + -348. Let o = -122 + h. What is the tens digit of o?
3
Let r(v) = -431*v + 1 + 432*v - 3. What is the tens digit of r(34)?
3
Let u = -90 - -94. Suppose u*h - 660 = 5*k, k + 660 = 4*h - 0*k. What is the units digit of h?
5
Suppose -5*d - 11 - 39 = -5*n, -3*d = n - 2. Let o(h) be the third derivative of -h**5/60 + 11*h**4/24 + h**3/6 - h**2. What is the tens digit of o(n)?
2
Let p = 15730 - 14452. What is the units digit of p?
8
Let f(d) = d**2 + 18*d - 86. Let g be f(-23). Suppose -18725 = -g*t - 6*t. What is the tens digit of t?
3
What is the tens digit of (-2522050)/(-400) - 1/8?
0
Suppose -5*d + 880 = -590. Let a = 489 - d. What is the units digit of a?
5
Suppose 0 = -0*l + l + 79. Let j = -38 - l. Suppose -f - j = -2*z, 0*f = 5*z + 5*f - 80. What is the units digit of z?
9
What is the hundreds digit of (-6)/(-9)*(-14 - 63325/(-50))?
8
Suppose -2*w = 4*a - 172, -3*w = -a + 6*a - 217. Let b = a + 104. Let g = b + 1. What is the hundreds digit of g?
1
Let b = -2206 + 2698. What is the hundreds digit of b?
4
Let m = 35189 + 431. What is the units digit of m?
0
Let a(n) = -n**3 - 21*n**2 - 22*n + 12. Suppose 21*o + 356 + 106 = 0. What is the tens digit of a(o)?
8
Suppose -80*q + 258790 = 11190. What is the tens digit of q?
9
Let r(l) = -2*l**3 + 37*l**2 - 21*l - 113. What is the units digit of r(17)?
7
Suppose 8*a + 3*a = 0. Let x = 383 - a. What is the hundreds digit of x?
3
Let d(b) = 7 - 254 + 31*b + 8*b. What is the hundreds digit of d(27)?
8
Suppose -5*p + 25 = 0, x - 4*p = 5*x - 33588. Suppose x = 14*r - 6*r. What is the units digit of r?
9
Suppose -8*h - 2*h + 40 = 0. Let p be ((-697)/34)/(-1 - (-2)/h). Suppose p*u - 630 = 36*u. What is the hundreds digit of u?
1
Let r = -7232 + 15955. What is the tens digit of r?
2
Suppose -3*u + 3*o + 1482 = 0, 0 = 4*u - 2*o + 76 - 2048. Suppose 0 = -4*v + u - 64. What is the tens digit of v?
0
Suppose -3*i - 432 = -4*i - 2*r, 0 = -2*i - 3*r + 861. Suppose -5*o - f + 2198 = -3*f, -o - 3*f + i = 0. What is the units digit of o?
8
Let m(t) = 7316*t**3 - 3*t**2 + 871*t - 1734. What is the hundreds digit of m(2)?
5
Let u be 1542/24 + 3/(-12). Let l = -12 + u. Suppose -2*x + 10 = -l. What is the tens digit of x?
3
Suppose -1741*z = -1750*z + 70659. What is the hundreds digit of z?
8
What is the thousands digit of 2408546/490 + 2 + (-12)/5?
4
Suppose 17*j = 41 + 44. Suppose j*d = 3*g - 949, -3*d + 285 - 1554 = -4*g. What is the tens digit of g?
1
Suppose -5*a + 2*k + k = 14, 4*a = k - 14. Let q be (-28)/(-8) + -2 + a/(-8). Suppose -2*x + 34 = 5*r, -62 = -q*x + 3*r - r. What is the tens digit of x?
2
Suppose 3*u = 3*x - u - 40536, 3*x - 40506 = -u. What is the units digit of x?
4
Let q = 1485 - 1485. Let v(z) = 2*z + 12. Let t be v(-8). What is the tens digit of q - (97 - t/4)/(-1)?
9
Let c(d) = d**2 - 18*d - 59. Let u be c(21). What is the units digit of (-4 + 5)*(12/u + 890)?
3
Suppose -15*u = 35*u - 7*u - 2640544. What is the thousands digit of u?
1
Suppose -40*z + 5673020 = 90*z + 470550. What is the hundreds digit of z?
0
Suppose 8*o = 3*j + 3*o - 22975, -10 = 2*o. What is the tens digit of j?
5
Suppose 4*a = -3*j - 643 - 594, -10 = -2*a. Let i = -318 - j. What is the hundreds digit of i?
1
Let g be ((-1)/(-2))/((-6)/144). Let y be (g - -15)*8/6. Let w(t) = 3*t**2 + 3*t + 1. What is the tens digit of w(y)?
6
Suppose -3*j + 3*q + 1326 = 0, 4*j - 42*q = -43*q + 1758. What is the hundreds digit of j?
4
Let y be (4/(-10))/(1253/(-315) - -4). What is the hundreds digit of -1*((-28210)/63 + 4/y)?
4
What is the tens digit of 3038189/(-154)*4/(-11)?
7
Let u be -4 + 5/10 + (-12)/(-8). Let k be ((-7)/u + -3)/((-4)/(-672)). Suppose 0 = -3*n - k + 471. What is the tens digit of n?
2
Suppose 10 = 7*s - 8*s. Let y(f) = -33*f + 237. What is the units digit of y(s)?
7
Suppose g - y + 12 = 2*g, 4*g - 80 = 4*y. What is the hundreds digit of (-3 - -10) + (458 - g)?
4
Let z = -4634 - -12885. What is the tens digit of z?
5
Suppose 32*n - 1558655 = 553121. What is the units digit of n?
3
Let f(r) = -18*r + 32. Let p be f(-9). Suppose 148 = 6*u - p. Let m = 107 - u. What is the units digit of m?
0
What is the hundreds digit of ((0 - -21) + -13)*(-13903)/(-4)?
8
Let z(g) = -g**3 - 8*g**2 + 10*g + 9. Let h be z(-9). Suppose a + h*a = 0. Let s(i) = i**2 + 4*i + 55. What is the tens digit of s(a)?
5
Let l(j) = -3*j**2 + 2*j + 316. Let q be l(0). Let p = q - -553. What is the hundreds digit of p?
8
What is the hundreds digit of (-316)/((-1)/((-2)/(-6))*(-21)/(-63))?
3
Let h be (-16)/(-136) + (-1749)/(-17). Suppose -6*g - h = -469. Suppose s - 4*t - g = t, 4*s = 5*t + 274. What is the tens digit of s?
7
Suppose -10 = -a - 8. Suppose a*t = -5*t. Suppose t = -15*r + 21*r - 762. What is the hundreds digit of r?
1
Suppose 5*k = q - 15, 9 = 3*q + 8*k - 5*k. Suppose -5*g + 635 = -q*w, -7*g + 377 = -4*g - 4*w. What is the tens digit of g?
3
Let a be 7 + 2/4*4. Suppose -o + 10*o - a = 0. What is the units digit of o?
1
Let c(q) = 38*q**2 - 5*q + 9. Let x be c(2). Let w = x + 232. What is the units digit of w?
3
Let b(g) = 4*g**2 + 38*g + 117. What is the tens digit of b(33)?
2
Suppose h + u = -2*h + 6, 3*h = 4*u + 6. Suppose k = 4*c - 7*c + 10, -h*c + 63 = 5*k. Let o(l) = 4*l + 45. What is the units digit of o(k)?
7
Let s(t) = t**3 + 9*t**2 + 6*t + 3. Let j = 30 - 74. Let f = -49 - j. What is the units digit of s(f)?
3
Let b = -1545 + 2631. What is the tens digit of b?
8
Let i be ((-1)/3)/((52/528)/(-13)). Suppose i*x = 3*x + 26650. What is the hundreds digit of x?
6
Suppose 5*m - 75 = -5*l, 2*l - m + 6*m = 27. Suppose -15*x + l*x - 398 = 0. What is the tens digit of x?
9
Let z(s) = 72*s**2 - 7*s - 4. Let k = -610 - -612. What is the units digit of z(k)?
0
What is the thousands digit of (-126)/(4 + -10)*57/(-6)*-26?
5
Le